e millions digit of 379618237?
9
What is the ten millions digit of 82949086?
8
What is the hundreds digit of 130128165?
1
What is the thousands digit of 252626788?
6
What is the thousands digit of 890005490?
5
What is the units digit of 4580330685?
5
What is the tens digit of 8199297426?
2
What is the hundreds digit of 1060824457?
4
What is the units digit of 210859568?
8
What is the hundreds digit of 3586648678?
6
What is the ten thousands digit of 32829857?
2
What is the hundreds digit of 39375796?
7
What is the ten thousands digit of 506606329?
0
What is the hundreds digit of 27532672?
6
What is the hundreds digit of 83277780?
7
What is the millions digit of 22299879?
2
What is the ten millions digit of 2561016895?
6
What is the units digit of 226763340?
0
What is the thousands digit of 3120293840?
3
What is the hundreds digit of 3696885?
8
What is the ten millions digit of 204450953?
0
What is the hundred millions digit of 3797216694?
7
What is the units digit of 661008286?
6
What is the hundred thousands digit of 43681629?
6
What is the thousands digit of 747209058?
9
What is the hundred thousands digit of 1682359771?
3
What is the millions digit of 216360926?
6
What is the units digit of 317646784?
4
What is the hundred millions digit of 576576165?
5
What is the units digit of 188813956?
6
What is the millions digit of 438673220?
8
What is the millions digit of 1220449322?
0
What is the ten thousands digit of 301551633?
5
What is the hundreds digit of 25852106?
1
What is the units digit of 384390683?
3
What is the millions digit of 2664972130?
4
What is the ten thousands digit of 15628012?
2
What is the units digit of 104604018?
8
What is the tens digit of 38793077?
7
What is the hundreds digit of 3527298621?
6
What is the thousands digit of 158502015?
2
What is the tens digit of 850508370?
7
What is the millions digit of 1496254496?
6
What is the ten thousands digit of 221451678?
5
What is the ten millions digit of 84577978?
8
What is the ten millions digit of 121985403?
2
What is the hundred millions digit of 143849224?
1
What is the units digit of 1793741609?
9
What is the hundred millions digit of 301591563?
3
What is the millions digit of 722397112?
2
What is the hundred millions digit of 3799149772?
7
What is the hundreds digit of 465054222?
2
What is the millions digit of 83359109?
3
What is the units digit of 147355977?
7
What is the hundred thousands digit of 349910668?
9
What is the hundred thousands digit of 924426930?
4
What is the thousands digit of 2379205748?
5
What is the thousands digit of 1663088600?
8
What is the ten millions digit of 3330106057?
3
What is the hundred thousands digit of 188663926?
6
What is the tens digit of 109089710?
1
What is the thousands digit of 7508115402?
5
What is the hundreds digit of 89341724?
7
What is the hundreds digit of 235064157?
1
What is the units digit of 914132953?
3
What is the hundreds digit of 312798786?
7
What is the hundred thousands digit of 685065113?
0
What is the hundreds digit of 83258271?
2
What is the millions digit of 27748586?
7
What is the hundreds digit of 52916181?
1
What is the thousands digit of 107532382?
2
What is the units digit of 984691929?
9
What is the thousands digit of 161667100?
7
What is the hundreds digit of 197723430?
4
What is the thousands digit of 534849128?
9
What is the hundreds digit of 1421326234?
2
What is the millions digit of 86115128?
6
What is the hundred thousands digit of 1644518858?
5
What is the millions digit of 208046463?
8
What is the tens digit of 82792578?
7
What is the tens digit of 555093116?
1
What is the thousands digit of 219858057?
8
What is the ten thousands digit of 70226510?
2
What is the ten thousands digit of 60400519?
0
What is the ten thousands digit of 55937214?
3
What is the ten thousands digit of 658637724?
3
What is the thousands digit of 43723513?
3
What is the units digit of 594838202?
2
What is the hundreds digit of 263383245?
2
What is the hundred thousands digit of 571107417?
1
What is the hundreds digit of 505068669?
6
What is the tens digit of 23628409?
0
What is the millions digit of 267090358?
7
What is the hundred millions digit of 143683059?
1
What is the tens digit of 145470540?
4
What is the hundreds digit of 2457976085?
0
What is the hundred millions digit of 969114828?
9
What is the hundred millions digit of 487729116?
4
What is the hundreds digit of 289947786?
7
What is the hundreds digit of 298146392?
3
What is the millions digit of 14916949?
4
What is the units digit of 6312968108?
8
What is the millions digit of 1149727876?
9
What is the ten thousands digit of 25297630?
9
What is the millions digit of 954851597?
4
What is the ten millions digit of 2415882800?
1
What is the ten millions digit of 27111328?
2
What is the tens digit of 96248809?
0
What is the hundred thousands digit of 437786233?
7
What is the ten millions digit of 39029189?
3
What is the hundred thousands digit of 2667970608?
9
What is the hundreds digit of 839731826?
8
What is the thousands digit of 190609918?
9
What is the hundred thousands digit of 175573903?
5
What is the millions digit of 29978256?
9
What is the hundreds digit of 24405610?
6
What is the units digit of 4602766882?
2
What is the units digit of 76594857?
7
What is the units digit of 2564424281?
1
What is the tens digit of 161612203?
0
What is the tens digit of 6550789?
8
What is the ten millions digit of 711173572?
1
What is the ten millions digit of 89791375?
8
What is the hundreds digit of 27979832?
8
What is the hundreds digit of 400116123?
1
What is the hundred thousands digit of 99576323?
5
What is the hundred millions digit of 1585860196?
5
What is the hundred thousands digit of 3615545293?
5
What is the thousands digit of 430019724?
9
What is the ten millions digit of 67855625?
6
What is the millions digit of 690079263?
0
What is the units digit of 2746674772?
2
What is the tens digit of 80895264?
6
What is the hundred millions digit of 942793289?
9
What is the hundred millions digit of 1265365294?
2
What is the millions digit of 871414533?
1
What is the hundred thousands digit of 1718977557?
9
What is the tens digit of 22685549?
4
What is the units digit of 60009608?
8
What is the millions digit of 10091157?
0
What is the hundred thousands digit of 237813736?
8
What is the ten millions digit of 475090213?
7
What is the millions digit of 12007718?
2
What is the thousands digit of 1272858298?
8
What is the tens digit of 22723037?
3
What is the hundreds digit of 303653821?
8
What is the hundred millions digit of 317696187?
3
What is the ten thousands digit of 207220757?
2
What is the hundred thousands digit of 1252880197?
8
What is the units digit of 2689224724?
4
What is the hundreds digit of 75376239?
2
What is the hundred thousands digit of 1869563386?
5
What is the millions digit of 1290459?
1
What is the ten thousands digit of 4326355694?
5
What is the hundred millions digit of 585829268?
5
What is the hundred thousands digit of 338488543?
4
What is the millions digit of 1921697418?
1
What is the thousands digit of 155500446?
0
What is the ten thousands digit of 377625416?
2
What is the hundred thousands digit of 318496116?
4
What is the thousands digit of 525950541?
0
What is the millions digit of 131861564?
1
What is the tens digit of 158467020?
2
What is the ten millions digit of 40490737?
4
What is the ten millions digit of 231025209?
3
What is the tens digit of 853455213?
1
What is the hundred thousands digit of 71644843?
6
What is the units digit of 22219041?
1
What is the units digit of 164549571?
1
What is the thousands digit of 69783890?
3
What is the hundred thousands digit of 176331633?
3
What is the hundred thousands digit of 767437625?
4
What is the ten thousands digit of 11007027?
0
What is the tens digit of 144760225?
2
What is the hundreds digit of 1275633610?
6
What is the ten millions digit of 15028085?
1
What is the ten thousands digit of 159034284?
3
What is the hundreds digit of 63614852?
8
What is the thousands digit of 578389409?
9
What is the hundred millions digit of 3228042962?
2
What is the ten millions digit of 95263468?
9
What is the hundred thousands digit of 255116100?
1
What is the hundred millions digit of 18146842